
Let y(p) = 3*p**2 + 82*p + 93. Calculate y(-26).
-11
Let h(l) = 287*l - 32998. What is h(115)?
7
Let r(q) = 4471*q - 40294. Determine r(9).
-55
Let i(l) = -19*l**3 + 72*l**2 + 8*l + 32. Determine i(4).
0
Let k(l) = -7*l**2 - 38*l - 17. What is k(-6)?
-41
Let h(g) = -g**3 + 9*g**2 - 20*g - 15. Determine h(4).
-15
Let s(x) = 8*x**3 + 34*x**2 - 243*x + 14. Determine s(-8).
38
Let v(d) = -d**3 + 4*d**2 + 88*d - 103. What is v(11)?
18
Let k(r) = 26*r - 154. Give k(7).
28
Let s(o) = o**3 - 164*o**2 - 165*o + 22. What is s(165)?
22
Let j(h) = h**2 + 85*h + 418. Calculate j(-79).
-56
Let i(z) = z**3 + 25*z**2 + 64*z - 15. Calculate i(-22).
29
Let y(c) = 2*c**2 - 15*c - 6. What is y(13)?
137
Let d(m) = m**3 + 15*m**2 + 30*m + 6. Give d(-13).
-46
Let v(a) = -a**3 - 14*a**2 + 21*a - 44. Calculate v(-16).
132
Let h(d) = -128*d - 30. Calculate h(6).
-798
Let a(w) = -5*w**2 + 6*w - 2. Give a(-2).
-34
Let g(r) = 3*r**2 - 1408*r + 13789. Give g(10).
9
Let f(y) = -2*y**3 - 285*y**2 + 144*y + 151. Calculate f(-143).
8
Let d(y) = -270*y - 15937. Give d(-59).
-7
Let b(q) = 2*q**2 - 30*q - 152. What is b(-7)?
156
Let l(i) = i**3 + 16*i**2 - 233*i + 26. What is l(9)?
-46
Let s(k) = -59*k - 2590. Determine s(-44).
6
Let w(u) = -1958*u - 58754. What is w(-30)?
-14
Let v(q) = 257*q - 932. What is v(5)?
353
Let g(f) = 17*f**2 + 37*f + 79. Give g(-2).
73
Let f(v) = 6*v + 8. What is f(4)?
32
Let h(c) = -49*c + 1635. Determine h(34).
-31
Let r(h) = -h**3 + 29*h**2 - 197*h - 39. What is r(16)?
137
Let l(z) = 2*z**3 + 20*z**2 + 6*z + 53. Calculate l(-10).
-7
Let o(g) = 205*g - 199. What is o(1)?
6
Let h(t) = -51*t + 326. Determine h(9).
-133
Let d(c) = c**3 + 32*c**2 + 261*c + 97. Give d(-15).
7
Let w(p) = 58*p**2 + 86*p - 34. Give w(-2).
26
Let y(x) = 28*x - 1277. What is y(45)?
-17
Let v(w) = -2*w**3 + 68*w**2 - 167*w - 576. Give v(31).
13
Let l(o) = -o**2 - 2*o + 153. What is l(11)?
10
Let y(s) = -66*s - 5347. Calculate y(-81).
-1
Let b(h) = 3*h**2 + 42*h - 20. Give b(-15).
25
Let x(k) = 7*k**2 - 129*k - 386. Determine x(21).
-8
Let j(s) = -s**3 - 3*s**2 + 16*s + 40. Calculate j(-3).
-8
Let f(b) = 3*b**2 + 60*b + 14. Calculate f(-8).
-274
Let v(t) = 550*t - 4958. Calculate v(9).
-8
Let t(y) = y**3 - 24*y**2 + 18*y - 1063. Give t(25).
12
Let u(k) = 562*k + 7313. What is u(-13)?
7
Let h(d) = 6*d**3 - 41*d**2 + 106*d - 814. What is h(7)?
-23
Let h(y) = -108*y - 74. Determine h(3).
-398
Let z(c) = c**3 - 15*c**2 - 7*c + 107. Calculate z(17).
566
Let d(z) = -z**2 + 13*z + 3. Give d(16).
-45
Let t(h) = h**2 + 7*h + 25. Determine t(-7).
25
Let d(o) = o**3 - 35*o**2 - 4*o + 69. Determine d(35).
-71
Let v(b) = -12*b + 111. Calculate v(10).
-9
Let w(h) = 242*h - 1217. Calculate w(5).
-7
Let b(l) = l**3 - 11*l**2 + 16*l - 80. What is b(5)?
-150
Let g(m) = -17*m**2 - 693*m + 888. Calculate g(-42).
6
Let l(n) = 811*n - 25137. What is l(31)?
4
Let x(k) = -k**2 - 74*k - 1222. Give x(-28).
66
Let h(d) = 37*d - 208. Calculate h(6).
14
Let y(x) = 3*x**2 - 201*x + 304. Calculate y(65).
-86
Let u(y) = 902*y - 6284. Determine u(7).
30
Let h(o) = o**3 + 68*o**2 + 186*o - 74. What is h(-65)?
511
Let j(f) = 207*f + 825. Determine j(-4).
-3
Let q(j) = 4*j**2 - 8*j + 1. Calculate q(4).
33
Let r(s) = s**2 - 6*s - 75. Calculate r(7).
-68
Let k(h) = -49*h**2 + 539*h - 18. What is k(11)?
-18
Let f(u) = -2565*u + 20523. Calculate f(8).
3
Let s(u) = -338*u + 2364. What is s(7)?
-2
Let h(g) = -2*g**2 - 37*g + 376. Calculate h(9).
-119
Let o(p) = -112*p + 1945. Determine o(16).
153
Let c(r) = 262*r - 268. Calculate c(1).
-6
Let n(f) = 10*f + 115. Determine n(6).
175
Let b(d) = -378*d - 754. Determine b(-2).
2
Let b(p) = 356*p - 2502. Calculate b(7).
-10
Let f(z) = z**2 + 229*z - 8346. Calculate f(32).
6
Let a(b) = -b**3 + 8*b**2 + 90*b - 88. Calculate a(-7).
17
Let n(y) = y**2 - 11*y - 56. Give n(-5).
24
Let a(o) = -10*o**3 + 6*o**2 + 8*o + 13. What is a(-2)?
101
Let p(s) = -2*s**3 - 11*s**2 - 9*s + 1. Calculate p(-1).
1
Let o(t) = t**3 - 5*t**2 - 376*t - 50. Calculate o(-17).
-16
Let z(n) = -n**2 - 37*n + 121. What is z(15)?
-659
Let b(u) = -u**3 - 51*u**2 - 14. Determine b(-51).
-14
Let k(h) = 164*h**2 - 301*h + 3. Determine k(2).
57
Let k(r) = -1477*r + 14758. Calculate k(10).
-12
Let l(f) = f**3 - 17*f**2 - 11*f - 151. Determine l(18).
-25
Let d(m) = 14*m**2 + 10*m + 33. Determine d(-3).
129
Let z(d) = -d**3 - 86*d**2 - 174*d - 437. What is z(-84)?
67
Let u(n) = -183*n - 759. Give u(-5).
156
Let v(d) = -4*d**3 + 51*d**2 + 114*d + 24. Determine v(-2).
32
Let k(p) = 403*p + 7322. What is k(-18)?
68
Let g(n) = 2*n**3 - 32*n**2 - 6*n + 80. What is g(16)?
-16
Let v(j) = -27*j + 1878. Give v(71).
-39
Let c(y) = -5*y**2 - 241*y - 77. Calculate c(-48).
-29
Let x(q) = -63*q + 13. Determine x(0).
13
Let o(c) = 6*c**3 + 15*c**2 - c. What is o(-3)?
-24
Let a(g) = -g**3 - 5*g**2 + 281*g + 1662. What is a(-6)?
12
Let w(f) = -169*f - 839. Determine w(-5).
6
Let t(u) = 2*u**2 - 56*u - 14. Determine t(29).
44
Let a(l) = l**3 - 17*l**2 + 36*l + 8. Give a(3).
-10
Let k(j) = -3*j**3 + 28*j**2 - 43*j - 36. Give k(7).
6
Let u(i) = -2*i**2 + 20*i + 37. Give u(-6).
-155
Let n(f) = -15*f**2 + 50*f + 488. What is n(-4)?
48
Let s(x) = 7*x**3 + 64*x**2 - 4*x - 135. What is s(-9)?
-18
Let r(w) = -w**3 + 34*w**2 - 2*w + 71. What is r(34)?
3
Let w(j) = 2*j**2 - 8*j + 5. Calculate w(1).
-1
Let h(f) = -3*f**2 + 198*f - 115. Determine h(62).
629
Let n(u) = 2*u**2 + 60*u + 306. Calculate n(-23).
-16
Let s(r) = -3*r**3 - 68*r**2 - 322*r - 31. Calculate s(-16).
1
Let h(s) = s**3 - 5*s**2 + 121*s - 460. Give h(4).
8
Let k(i) = -4*i**2 + 128*i - 9. What is k(32)?
-9
Let b(o) = -5*o**2 + 162*o + 1255. What is b(-7)?
-124
Let y(m) = -51*m - 21. Calculate y(-3).
132
Let q(s) = -3*s + 193. Determine q(68).
-11
Let f(b) = 88*b - 367. Give f(4).
-15
Let h(r) = 59*r**2 - 266*r + 7. Give h(5).
152
Let c(o) = 3*o**3 - 49*o + 1. Calculate c(-4).
5
Let x(i) = -39*i + 3. What is x(6)?
-231
Let a(m) = -m**2 - 15*m - 51. Determine a(-10).
-1
Let r(h) = h**3 - 3*h**2 - 18*h + 84. Give r(6).
84
Let q(j) = j**3 - 7*j**2 - 33*j + 214. Give q(8).
14
Let b(i) = i**3 - 6*i**2 - 5*i + 22. Give b(6).
-8
Let d(h) = -2*h**3 + 126*h**2 + 262*h - 132. Give d(65).
-2
Let u(m) = 828*m + 105146. Give u(-127).
-10
Let g(m) = 4*m**2 + 48*m + 118. What is g(-3)?
10
Let u(h) = 809*h + 59864. Calculate u(-74).
-2
Let u(l) = 854*l + 3534. Give u(-4).
118
Let a(u) = u**2 - 28*u + 161. Determine a(10).
-19
Let p(l) = -l**2 - l + 38. What is p(-15)?
-172
Let v(d) = 18*d + 219. What is v(-2)?
183
Let k(n) = n**3 - 33*n**2 + 41*n - 144. What is k(32)?
144
Let c(x) = -2*x**2 + 88*x + 5086. Calculate c(77).
4
Let q(d) = -12*d**2 - 95*d + 417. Determine q(4).
-155
Let a(c) = 881*c + 7910. Determine a(-9).
-19
Let m(h) = 3184*h - 12732. Calculate m(4).
4
Let p(a) = 1884*a + 54640. Determine p(-29).
4
Let h(p) = -p**3 - 22*p**2 - 25*p - 22. What is h(-21)?
62
Let q(u) = -u - 79. Determine q(-5).
-74
Let j(m) = m**2 + 41*m - 381. Give j(8).
11
Let w(o) = 17*o - 862. What is w(52)?
22
Let t(d) = -321*d - 1558. What is t(-5)?
47
Let m(p) = 515*p + 5659. Calculate m(-11).
-6
Let i(r) = r**3 + 33*r**2 - 107*r + 21. Determine i(3).
24
Let m(t) = 114*t + 822. What is m(-9)?
-204
Let u(y) = y**2 + 410*y - 2915. Give u(7).
4
Let c(t) = 2*t**2 + 15*t - 40. Give c(6).
122
Let t(k) = k**3 + 26*k**2 + 52*k + 83. Determine t(-24).
-13
Let m(t) = t**2 + 47*t - 2453. Calculate m(31).
-35
Let a(x) = -x**3 + 11*x**2 + 2*x - 19. What is a(8)?
189
Let m(b) = -152*b - 1653. Determine m(-11).
19
Let o(u) = -20*u + 10. Calculate o(6).
-110
Let l(w) = -14*w**2 - 18*w - 28. Determine l(-9).
-1000
Let g(k) = 13*k - 69. Determine g(17).
152
Let s(m) = -17*m + 386. Calculate s(23).
-5
Let u(r) = 10*r**2 - 23*r + 142. Determine u(8).
598
Let h(p) = p**3 - 6*p**2 - 3*p - 1. Determine h(6).
-19
Let i(r) = -2*r**3 + 219*r**2 + 113*r - 329. Give i(110).
1
Let o(q) = -q**3 - 85*q**2 - 822*q - 591. Calculate o(-74).
1
Let u(i) = -55*i - 4183. Determine u(-76).
-3
Let k(o) = -2*o**3 + 201*o**2 + 103*o - 209. Calculate k(101).
-7
Let y(c) = -c**3 - 6*c**2 - 10*c - 4. Determine y(-3).
-1
Let m(p) = -p**3 + 4*p**2 + 38*p + 10. Calculate m(8).
58
Let h(b) = -1826*b + 43834. Give h(24).
10
Let o(y) = y**3 - 7*y**2 - 3